214112 - -33?
2023214200
In base 15, what is 0 + -220803?
-220803
In base 5, what is 3024400 - -10?
3024410
In base 10, what is -18370 - -9210?
-9160
In base 9, what is 36462 + 4788?
42361
In base 12, what is -14 + -197497?
-1974ab
In base 6, what is 351 - -2110234?
2111025
In base 6, what is -454140310 - -4?
-454140302
In base 14, what is 17 - -347c6?
347dd
In base 10, what is -30861 + -75?
-30936
In base 8, what is 16715507 + -1?
16715506
In base 13, what is -5a380 - -6b?
-5a312
In base 4, what is -121231230 + -10111?
-121302001
In base 5, what is 1433 + -23214303?
-23212320
In base 2, what is 0 - 1101111100011000010100110?
-1101111100011000010100110
In base 16, what is -6776f80 + -1?
-6776f81
In base 5, what is -114012302033 - -4?
-114012302024
In base 16, what is 189ce + -1c17?
16db7
In base 5, what is -114404443 + 10?
-114404433
In base 13, what is -2294 + 3c?
-2255
In base 12, what is -561 - -590b?
536a
In base 4, what is -32222113331 - 211?
-32222120202
In base 5, what is -104 - 1133043?
-1133202
In base 6, what is 133214205 + -2?
133214203
In base 7, what is -11 - 141064633?
-141064644
In base 8, what is -130 + 105341?
105211
In base 7, what is 2 - 16351062?
-16351060
In base 15, what is e0d4 - 2ce?
dd05
In base 13, what is b9 - -9ba7b?
9bb67
In base 5, what is 304134 + -3323?
300311
In base 2, what is 110001111000 + -10101010011?
11100100101
In base 10, what is 126080 - 65?
126015
In base 12, what is -26 - -13720?
136b6
In base 11, what is -3 - -58a4952?
58a494a
In base 11, what is -2140524 - -10?
-2140514
In base 14, what is 74 + -29b6?
-2942
In base 9, what is 4204 - 168415?
-164211
In base 13, what is -1a567a7 - 5?
-1a567ac
In base 16, what is 43 - a2574?
-a2531
In base 11, what is 843a4547 + 3?
843a454a
In base 14, what is -a6 - 7688?
-7750
In base 6, what is -2003321003 + -4?
-2003321011
In base 6, what is -314 + 21515201?
21514443
In base 8, what is 14614666 + 0?
14614666
In base 15, what is -1ec96 - 29?
-1ecc0
In base 2, what is -100 - -100011100100011110010101?
100011100100011110010001
In base 16, what is 64244d + -2?
64244b
In base 14, what is 283d0db6 - 2?
283d0db4
In base 5, what is 430 + 32404003?
32404433
In base 14, what is 34 - -3093192?
30931c6
In base 9, what is -5 + 184723533?
184723527
In base 11, what is -210a0 + -305?
-213a5
In base 11, what is 3 - -740a523?
740a526
In base 10, what is -197 - 221010?
-221207
In base 3, what is 10010 + 11222021202100?
11222021212110
In base 12, what is 1 + -21265381?
-21265380
In base 5, what is 4 - 341120312343?
-341120312334
In base 8, what is -657707 - 47?
-657756
In base 11, what is -1974381 + -7?
-1974388
In base 3, what is 10210221112 + -12220112?
10121001000
In base 8, what is -2442 + -170440?
-173102
In base 8, what is -36 - -14655127?
14655071
In base 12, what is 293b25b07 + 4?
293b25b0b
In base 9, what is -18602 - -74?
-18517
In base 4, what is -210 + 201130100300?
201130100030
In base 13, what is 31cc352 - 5?
31cc34a
In base 4, what is 0 - 323112312011?
-323112312011
In base 6, what is -43302 + -1401224?
-1444530
In base 7, what is -4 + -3010000?
-3010004
In base 11, what is 119617a1 - -2?
119617a3
In base 5, what is -1001412 - -13?
-1001344
In base 2, what is -1010010010011001101 - -110110?
-1010010010010010111
In base 10, what is 1000 + 134446?
135446
In base 3, what is 2201111112012 - 1?
2201111112011
In base 9, what is -5 + 405112?
405106
In base 3, what is 1212210 - 2001021120?
-1222101210
In base 16, what is -3ea7 + -425?
-42cc
In base 9, what is -4757 + 14558?
8701
In base 6, what is -250242 - -212?
-250030
In base 4, what is 11 - 113320212011?
-113320212000
In base 8, what is 1207553 - -12?
1207565
In base 11, what is 520 + aa0?
1510
In base 9, what is 4 + 3875652?
3875656
In base 7, what is -261 + -110056?
-110350
In base 13, what is 6098 - -2704?
879c
In base 8, what is 4100 - -1621?
5721
In base 5, what is -433332424 + -21?
-433333000
In base 10, what is -1163 + -204735?
-205898
In base 3, what is 111 + -221011111211200?
-221011111211012
In base 15, what is -6 + -62c838?
-62c83e
In base 7, what is 564605 + 134?
565042
In base 16, what is -7b3955 - -1?
-7b3954
In base 7, what is -3345546 + 5141?
-3340405
In base 8, what is 4 - -76623451?
76623455
In base 14, what is 7ccc + -12b9?
6a13
In base 10, what is 6 + 7132293?
7132299
In base 15, what is -50b + -35d2?
-3add
In base 12, what is 8229 - -72?
829b
In base 12, what is -1 - a41914b?
-a419150
In base 6, what is -1415 - -55332?
53513
In base 12, what is -6b94 - 356a?
-a542
In base 6, what is -4 + -215550342?
-215550350
In base 6, what is -5004 + -2400202?
-2405210
In base 8, what is 242 - 404316?
-404054
In base 2, what is -10 + 11111101010010011100010?
11111101010010011100000
In base 8, what is -35252 + -335?
-35607
In base 14, what is 1 + 11596cc?
11596cd
In base 10, what is 9139150 - 50?
9139100
In base 11, what is 44837 - -252a8?
6a034
In base 14, what is 29 + -ab2a5?
-ab27a
In base 8, what is -2432173 - 7?
-2432202
In base 5, what is 30411042442 + 2?
30411042444
In base 2, what is 10001011000 + 111001101001010101?
111001111010101101
In base 16, what is -8cd1a + 56?
-8ccc4
In base 3, what is 0 - 21102010001211?
-21102010001211
In base 13, what is 9b0b + 112?
9c20
In base 12, what is 65a2039 + 0?
65a2039
In base 13, what is -7 + 2a225b?
2a2254
In base 9, what is 33647764 - 0?
33647764
In base 2, what is -1011110 - -1001000001101010000000?
1001000001101000100010
In base 11, what is -379 + -90030?
-903a9
In base 13, what is 5a0baa + 0?
5a0baa
In base 4, what is -123301320320 + 220?
-123301320100
In base 3, what is 1202121000020 + -12?
1202121000001
In base 14, what is 65da1 + 2b?
65dcc
In base 7, what is -6 + -613544306?
-613544315
In base 5, what is 13443444 - 243?
13443201
In base 2, what is 10101011001101111 + -111101?
10101011000110010
In base 14, what is 5b + acd7?
ad54
In base 11, what is 8 + -9440484?
-9440477
In base 15, what is 1de1cc4 + -a?
1de1cb9
In base 8, what is -47774704 + 1?
-47774703
In base 13, what is -65 + -18474?
-18509
In base 2, what is 1000001001000000 - -101110001?
1000001110110001
In base 2, what is -110010010110011100110 + 0?
-110010010110011100110
In base 16, what is 0 + -2b9d365?
-2b9d365
In base 7, what is 23644 - -2500?
26444
In base 2, what is -100010100110 + -1110011011010100110?
-1110011111101001100
In base 4, what is -1 - 30220031122?
-30220031123
In base 10, what is -400868 + -408?
-401276
In base 9, what is -5460584 - -223?
-5460361
In base 3, what is -221022 + 100102012?
22110220
In base 2, what is -1001110001100000101111 - -1010100?
-1001110001011111011011
In base 15, what is -3b1d88 - 13?
-3b1d9b
In base 14, what is 117bcb62 + -1?
117bcb61
In base 16, what is 43 - -ff6b1e?
ff6b61
In base 4, what is -112211301221321 - 0?
-112211301221321
In base 12, what is -23882b + -1b7?
-238a26
In base 3, what is -2221 + -12220201200?
-12220211121
In base 14, what is 24b99 + -39a?
247dd
In base 7, what is 4 + 264620116?
264620123
In base 7, what is 2 - -2421160?
2421162
In base 2, what is 100001010011100101 - -1101001?
100001010101001110
In base 9, what is -47 - -257004?
256846
In base 3, what is -122010012020 + 121?
-122010011122
In base 13, what is 72 + -b41168?
-b410c6
In base 6, what is -442 + -1251005?
-1251451
In base 9, what is -5501 + 85605?
80104
In base 4, what is -101333130130 + 3?
-101333130121
In base 5, what is 41 - -213224111?
213224202
In base 11, what is 3424 + -93162?
-8a839
In base 16, what is -2b557 + 22a?
-2b32d
In base 3, what is 2122020 + -1111202?
1010111
In base 16, what is 3cbd6c + 34?
3cbda0
In base 4, what is 13102111003 + -2121?
13102102222
In base 4, what is -2002 - 11130113020?
-11130121022
In base 5, what is -220024 - 10042?
-230121
In base 3, what is 1112122102110 - 12?
1112122102021
In base 8, what is 470352 - -1013?
471365
In base 12, what is -2bb7 - -32aa?
2b3
In base 11, what is 66094 + 887?
66970
In base 3, what is -11 + -12200210010020?
-12200210010101
In base 16, what is -196 + 1c99?
1b03
In base 10, what is 5879721 + 1?
5879722
In base 9, what is -30 + 168827?
168787
In base 10, what is 758 - 12812?
-12054
In base 13, what is -45 - -2595c0?
259578
In base 11, what is 1 - -29a408?
29a409
In base 10, what is 602937 + 336?
603273
In base 3, wh